*x - 42. What is the hundreds digit of (-2)/t + 0 + (-26880)/(-195)?
1
Let t(v) = -164*v - 3192. What is the units digit of t(-93)?
0
What is the ten thousands digit of (-11 - (-742)/42)*(1548 - 0)?
1
Let l(q) = 8*q - 60. Let c be ((-1)/((-2)/(-9)))/((-21)/42). What is the units digit of l(c)?
2
Suppose 11*g + 5*g - 699960 = -200360. What is the thousands digit of g?
1
Suppose 6*r - 7688 - 9850 = 0. What is the tens digit of r?
2
What is the tens digit of (-67640)/228*(-1)/(2 - 8/6)?
4
Suppose 95*g + 21*g = 693796. What is the thousands digit of g?
5
Let q(v) = -v**3 - 11*v**2 + 19*v + 13. Let l be 7/((-21)/(-10))*-12. Let u = l + 27. What is the units digit of q(u)?
4
Suppose 108 = 15*y - 18*y. Let s be y/(-1 - -3 - 4). What is the units digit of 12/s*(0 + 381/2)?
7
Let k(g) = -8*g**2 - 9*g - 20. Let d(j) = 9*j**2 + 14*j + 19. Let o(c) = -2*d(c) - 3*k(c). Let b be 4*(-2)/((-8)/(-5)). What is the tens digit of o(b)?
7
Let q = -6900 - -45999. What is the thousands digit of q?
9
Let j be 7/(7/3) - -74. Let p = 183 + j. Suppose 5*d - 257 = 4*q, d - 6*d = -5*q - p. What is the units digit of d?
9
Let w be 2 - -1 - (1 - (-4)/4). Let z be (5*w)/(10/70). Suppose -4*t = 3*d - z, -t + 3*t + 3*d = 25. What is the units digit of t?
5
Let l = 216 - 198. Let z(b) = 2*b**2 - 13*b - 99. What is the hundreds digit of z(l)?
3
Suppose 7*i + 6*i = 3016. Suppose 581 = 5*w + 2*z, -w - w = z - i. Suppose 45 = 3*r - w. What is the units digit of r?
4
Let m = 1732 + -932. Suppose 10*b - m = 4460. What is the hundreds digit of b?
5
Suppose 13*l - 5047 + 1450 = 3020. What is the hundreds digit of l?
5
Let l = 18891 - 9552. What is the thousands digit of l?
9
Suppose -62 = -4*g - 10. Let o = g - 8. Suppose 342 = o*x - 183. What is the tens digit of x?
0
Let l(v) = v**2 - 17*v - 797. What is the hundreds digit of l(93)?
2
Let t(y) = 64*y + 19. Let x be (-80)/25*-5 + 2. What is the tens digit of t(x)?
7
Suppose 2*i - 1082 + 4146 = 5*j, -i - 2450 = -4*j. Suppose 3*k + 2*o - 1836 = 0, j = -7*k + 8*k + 4*o. What is the units digit of k?
2
Suppose 2*r = 3*d - 431, 3*r - r + 721 = 5*d. Suppose d = 5*h - 2*i, -9*h + i + 86 = -6*h. What is the tens digit of h?
2
Let c(f) = -922*f**3 + 106*f**2 + 345*f - 4. What is the tens digit of c(-3)?
0
What is the units digit of 10/((-320)/(-49944))*16/3?
4
Suppose p = 8*p, 38304 = 4*h - 3*p. What is the thousands digit of h?
9
Suppose 0 = 3*x - p - 14936, 5*p - 1995 = -3*x + 12929. What is the hundreds digit of x?
9
Suppose -103*t - 7*t = 87*t - 3911632. What is the units digit of t?
6
Suppose 5*o = g + 24 - 2, -4*g + 8 = 4*o. Suppose 888 = 4*v - o*c, 54*c = v + 51*c - 218. What is the units digit of v?
4
Let l(z) = -3*z - 20. Let s be l(-9). Let b = 7 - s. Suppose b = 2*f - 65 - 3. What is the units digit of f?
4
Let g(p) = 16*p + 8. Suppose -d + 39 = -5*o + 17, 5*d + 3*o = 26. What is the tens digit of g(d)?
2
Let i be ((-2)/(-20)*-116)/(1/(-50)). Suppose -18*d = -19*d + i. What is the hundreds digit of d?
5
Let p(h) = -11*h + 4*h**2 - 2*h**2 + 10 - 3*h - 3*h. Let t = -51 + 62. What is the units digit of p(t)?
5
Let n(a) = -a**3 + 39*a**2 + 48*a - 593. What is the units digit of n(33)?
5
Let b(o) = -o**2 + 2*o + 8. Let p be b(5). Let n(m) = -m**2 - 8*m - 7. Let d be n(p). Suppose -9*t + 579 - 57 = d. What is the tens digit of t?
5
Let g be -3*((-8)/(-6) + -3). Suppose -3*d - 154 = 5*k, -162 = g*k - d - 0*d. Let z = k + 52. What is the tens digit of z?
2
Let k(c) = 37*c**2 - 30*c + 41. What is the thousands digit of k(-15)?
8
Let k = 6621 - 3397. Suppose 0 = -0*b + 26*b - k. What is the tens digit of b?
2
Let y(a) = 10*a**2 - 221*a + 15. Let t(k) = 29*k**2 - 625*k + 45. Let r(x) = 6*t(x) - 17*y(x). Let s = 7 - 12. What is the units digit of r(s)?
0
Suppose -117*y + 70*y = -376188. What is the units digit of y?
4
Let c(v) = -3*v**2 - 4*v + 25. Let g be c(-11). Let o be -1 + (g/(-4) - (-2)/4). Suppose -2*x = -x + 3*l - o, 0 = x - 2*l - 68. What is the units digit of x?
0
Let x(j) = -j**3 - 22*j**2 - 1. Let k be x(-22). Let q be (k/(-3))/((-13)/(-1989)). What is the units digit of (q/4)/(13/52)?
1
Suppose 110*m - 104*m = -990. Let y = m + 188. What is the units digit of y?
3
Suppose 0 = 47*x - 18*x - 1566. Suppose 48*b - x*b = -546. What is the units digit of b?
1
Suppose 37*x = 30*x + 35. What is the hundreds digit of ((408/x)/12)/((-1)/(-30))?
2
Suppose 20748 + 24991 = l. What is the units digit of l?
9
Let u = 2895 + 1979. Suppose -6*o - 128 + u = 0. What is the tens digit of o?
9
Suppose -u = -28 - 296. Suppose 3*y + 5*j + 354 + 262 = 0, -5*j - 818 = 4*y. Let m = u + y. What is the units digit of m?
2
Suppose 2*b + 3*n - 17 = -7, 5*b - n - 42 = 0. Suppose -b*t = -6*t - 24. What is the units digit of (16/t)/((-8)/(-36))?
6
What is the hundreds digit of (256/512)/((-1)/(-11906))?
9
Suppose -20*c + 473 = -847. Suppose 63*z - c*z + 828 = 0. What is the units digit of z?
6
Let b(r) = -r + 14. Let q be b(9). Let p(c) = c**3 - 5*c**2 + 9*c - 34. What is the units digit of p(q)?
1
Suppose 4*u + 3*y = 76 + 75, -5*u - 2*y + 194 = 0. Let g = 34 - u. What is the tens digit of (2 + (-69)/g)*20/6?
4
Suppose -5*c + 1334 = 4*g - 725, -3*g = -5*c - 1588. Suppose a - 4*z = 2*a - 288, -2*a = -3*z - g. What is the hundreds digit of a?
2
Let q(v) = -v**3 - 2*v**2 + 15*v - 4. Let s be q(-8). Suppose 3*i - s = 13*i. Let r = i - -50. What is the tens digit of r?
2
Let v be ((-18)/(-3))/(20/(-6) + 4). Suppose -2002 + 11722 = v*t. What is the units digit of t?
0
Let r(k) be the second derivative of 11*k**3/6 + k**2 + 3*k - 8. What is the tens digit of r(16)?
7
Let y = 710 + -705. Suppose -3*j = 4*v - 183 - 2813, y*v + 5040 = 5*j. What is the hundreds digit of j?
0
Suppose -y - 26810 = -3*m, -30*m - 3*y - 17885 = -32*m. What is the thousands digit of m?
8
Let y(g) = -11497*g**3 - g**2 - 14*g - 13. What is the ten thousands digit of y(-1)?
1
Let n = 41440 + -9228. What is the thousands digit of n?
2
Suppose -36110 = 10*y - 15*y - 5*o, 7232 = y - 4*o. What is the thousands digit of y?
7
Suppose 0 = -2*b - 3*d + 62, 3*b = -4*d + d + 90. Suppose -2*w = j - 2150, -b*j - 4316 = -4*w - 26*j. What is the hundreds digit of w?
0
Suppose -5*t - 2*o + 103 = 2*o, 2*t = 3*o + 32. Suppose u - 1 = j - 2, t = 5*u + j. What is the tens digit of (112 + 1)/((-9)/u - -4)?
1
Suppose -104 = -5*x + x. Suppose x*t - 6808 = 30. What is the units digit of t?
3
What is the units digit of (3 + -2)*-2 + (-11988)/(-1)?
6
What is the hundreds digit of (7 + 41)/6*18315/12?
2
Suppose -3*o + 6872 = 2231. Let z = -161 + o. What is the units digit of z?
6
Let h = -46 - -46. Let z be (h/3)/(2 + 1). Suppose -m - 2*l - l + 55 = z, 0 = 2*m + 4*l - 116. What is the tens digit of m?
6
Let w = -497 - -2061. Suppose -w = -3*h + 5*m, -1223 - 1396 = -5*h - 4*m. What is the units digit of h?
3
Let m(a) = a**3 - 78*a**2 + 28*a - 4336. What is the ten thousands digit of m(86)?
5
Let w(v) = -v**2 + 65*v - 46. Let b be w(27). Let f = 2543 - b. What is the units digit of f?
3
Let q be -3 - (13 + -5 + 1). Let x(g) = -g**3 - 11*g**2 + 6*g - 27. Let k be x(q). Suppose 0 = 4*o + 17 - k. What is the units digit of o?
7
Let l = 34753 + -18237. What is the tens digit of l?
1
Suppose -2*c = 5*s + 7, -c = 2*c - 2*s + 1. Let h be ((-16)/20)/((-18)/15 - c). Suppose 5*k + h*y - 441 = 0, -3*k + 2*k = 4*y - 85. What is the tens digit of k?
8
Suppose 5*q + 4*m = 147, 3*q - 3*m = 2*m + 66. Suppose q*p = 23*p + 1024. Suppose 4*j - f - 350 = 0, 3*j - 2*f - p = 2*f. What is the tens digit of j?
8
Suppose 376261 = -325*r + 342*r. What is the thousands digit of r?
2
Let r = -4947 + 8665. What is the units digit of r?
8
Suppose -4 = -l, 3*a - 5*l - 34 = -0*a. Suppose -3*y = -3*v + a, -5*y + 3*y = -v + 9. What is the units digit of (-2)/(-8) - 343/(-4) - v?
3
Suppose -2*u - 29 = -5*s, -7*s = -2*s - u - 27. Suppose -3316 = -s*z - 4*x + 5*x, -5*z + 3312 = -2*x. What is the tens digit of z?
6
Let c(v) = -3*v + 162. Let m be c(-27). What is the tens digit of 9*18/m*(1 + 1076)?
1
Let g = -19 + 28. Let v be (15/g)/(4/84). Suppose v*d - 38*d + 171 = 0. What is the tens digit of d?
5
Suppose -5*m - k + 3*k = -19, -5*k - 1 = 3*m. Suppose -r + 25 = -4*f, 4*r - 113 = m*f - 0*f. Suppose -8 - 17 = -5*o, 2*p = -o + r. What is the tens digit of p?
